tive of 11*y**6/60 - y**5/60 - y**4/24 - y**3/6 - 6466*y**2. Give j(-1).
-23
Let d be (-2)/(-28)*7*0. Let r(a) = 7*a + d*a**2 + 3*a**2 - 5*a**2 + 3*a**2 + 3. Calculate r(-5).
-7
Let j(l) = 6*l**3 + l**2 - l + 1. Let s(o) = 177*o**2 + 173*o**2 - 351*o**2 - 8 + 6*o. Let q be s(3). Calculate j(q).
7
Let r(u) = -2*u - 5. Let p be (-3)/(18/42)*8/(-7). Let b(z) = -z**3 + 8*z**2 + 3*z - 9. Let f be b(p). Let g = f - 21. Calculate r(g).
7
Let m(j) = -7*j + 83. Let n be 6/1 + 10*11*14/308. What is m(n)?
6
Let j(k) = -69*k - 1382. Let z be j(-20). Let x(c) = 2*c**3 + 2*c**2 + 4*c + 13. Determine x(z).
-3
Let w(b) = b - 32. Let k(m) = m**3 + 38*m**2 + 39*m + 69. Let t be k(-37). Let v(o) = -o + 28. Let i(r) = t*w(r) - 6*v(r). What is i(10)?
2
Let v(t) = -7*t + 10. Let u(p) = -2*p**2 + 32*p - 120. Let l be u(8). Determine v(l).
-46
Let t(u) be the third derivative of -u**5/60 + u**4/8 - 7*u**3/3 + 15*u**2 + 4. Let j(x) = 2*x**2 - 6*x + 24. Let q(r) = -3*j(r) - 5*t(r). Give q(5).
-12
Let y(q) be the first derivative of -1/2*q**2 + 0*q**3 + 3/4*q**4 + 0*q - 57. Give y(-2).
-22
Let r(v) = -v**3 - 17*v**2 - 30*v - 501. Let q be r(-17). Let g(z) = z**3 - 11*z**2 + 21*z - 5. Calculate g(q).
22
Let r(p) be the first derivative of -p**4/4 + 5*p**3/3 + 5*p**2/2 - p - 12. Let f be 6*((3/(-6) - 2) + 4). Let c be 1300/234 + 4/f. Give r(c).
-7
Let t(i) = -i + 3. Let n = 47 + -45. Suppose 17 = -f + n*f. Let u = f + -12. Determine t(u).
-2
Let d(y) = y**2 + 7*y + 8. Let n be d(-6). Let v = -115 + 116. Let q(i) = v + n + 14*i + 0. What is q(-2)?
-25
Let f(a) = 13 - 14 + 1 - 3*a. Let o = -2 + 6. Let t be (0 + -2)/(o/(-2)). Calculate f(t).
-3
Let l(w) = 31 + w**2 - 111*w + 4*w**3 + 108*w - 28. Determine l(1).
5
Let s(d) be the second derivative of -d**5/20 + d**4/2 - d**3/2 + d**2/2 - 2*d. Suppose 5*i - i + l + 256 = 0, -5*l = -i - 85. Let n = i + 70. Calculate s(n).
11
Let s(j) be the first derivative of -3*j**4/4 - 2*j**3 + 2*j**2 + 1475. Give s(-3).
15
Suppose 0 = -l + 1 + 3. Suppose 0 = s - 2*z + 3, 0*s + s = l*z - 3. Let n(r) = -373*r - 311*r + 1 - 5 + 679*r - r**2 + 2 + 0. What is n(s)?
4
Let s(l) = l**3 - 36*l**2 - 35*l - 50. Let v be (5*6/(-210))/((-4 - -10)/(-1554)). Give s(v).
24
Let t = 8817 + -8809. Let y(b) = -b**3 + 10*b**2 - 6*b + 10. What is y(t)?
90
Let j(m) = -2*m**2 + 2*m - 9. Suppose -3*b + 119 - 141 = -2*z, -3*z - 18 = 4*b. Give j(b).
-93
Let w = 106 + -100. Let l(b) = 11*b**3 - b**2 + b - 6. Let j(f) = 21*f**3 - 2*f**2 + 2*f - 11. Let t(q) = w*j(q) - 11*l(q). Give t(1).
5
Let c(i) = i**2 + 3*i - 4. Let z(d) = d**2 + 21*d + 35. Suppose 3*p + s = 3 - 55, p = -4*s + 1. Let v be z(p). Determine c(v).
-4
Let l(w) = w**3 + 27. Let r(z) = 3*z**3 + 2*z**2 - 2*z + 1. Let a be r(1). Suppose -2*p + 4*p = 4*x + 4, x - 17 = -a*p. Let u = -4 + p. Calculate l(u).
27
Suppose -2*v - 201 = -199. Let r be v/(-2) + (-12)/(-24). Let f(i) be the third derivative of i**6/120 - i**5/30 + i**3/6 - 3*i**2. Give f(r).
0
Let f(s) be the third derivative of -7*s**4/24 + 67*s**3/3 + 1042*s**2. Determine f(20).
-6
Let f(q) = -15*q**3. Suppose -16*k - 412 - 1844 = 0. Let j = 142 + k. Determine f(j).
-15
Let c(y) = -13*y - 2. Suppose 5*v = -3*o + 33, o = v + 6 - 11. Calculate c(v).
-80
Let s(l) = -l**3 - 20*l**2 + 24*l + 33. Let i be (8/20)/(12/(-705)) - 20/(-8). Determine s(i).
-30
Suppose 11*k + 6084 = 5952. Let p(f) = -14*f - 159. What is p(k)?
9
Let y = -241 - -242. Suppose -3*q + 6 = 3*s, s = -s + 3*q - 6. Let b(p) = 3*p + s - 2 + 3 - 8*p. Determine b(y).
-4
Suppose 5*v = -v + 42. Let f(p) = 10*p + 15. Let l(g) = 29*g + 39. Let d(r) = 11*f(r) - 4*l(r). Determine d(v).
-33
Let u(t) be the second derivative of 0 + 0*t**3 + 1/30*t**5 + 1/360*t**6 - 20*t - 1/4*t**4 + 0*t**2. Let d(m) be the third derivative of u(m). Calculate d(-5).
-6
Suppose -15 = 3*h, 15 = -4*q - 4*h - 25. Let c(w) be the second derivative of 0*w**3 + 3*w**2 - 4*w + 0 - 1/12*w**4. What is c(q)?
-19
Let t(u) = -3*u**2 + 14*u - 4. Let f(s) = -s**2 + 5*s - 2. Let a(x) = 5*f(x) - 2*t(x). Let o = -2 - -6. Determine a(o).
2
Suppose -241*g = -216*g - 125. Let a(d) = -d**3 + 3*d**2 + 9*d + 6. What is a(g)?
1
Let d(x) = 2489*x**2 + 2509*x**2 - 4997*x**2 + 11*x + 24. Determine d(-6).
-6
Let k(m) = m**2 - m + 4. Let o(c) = 6*c**2 - 7*c + 33. Let p(d) = -8*k(d) + o(d). Determine p(5).
-44
Let j = -71 - -77. Suppose 7*h = -j*h + 26. Let b(p) = h*p - 5*p + 0*p + 12 + p. Determine b(10).
-8
Suppose 0 = 30*u - 26*u + 5*r - 791, 2*u + 2*r - 396 = 0. Let l(j) = -387 - 2*j + 191 + u. Suppose -6*a - 20 = -a. What is l(a)?
11
Let d(o) be the third derivative of o**5/60 - 5*o**4/12 + 5*o**3/2 - 40*o**2. Let q be (2 - 0)*(-12)/((-240)/70). Give d(q).
-6
Let j = -100 + 61. Let n = -33 - j. Let y(d) = 1 + 0*d + d + d. Determine y(n).
13
Suppose -4*b + 4 = -4*p - 4, 3*p + 14 = -5*b. Let s(u) = -u**2 + u - 11. Let r = -367 - -364. Let q(t) = t**2 - t + 6. Let a(f) = r*s(f) - 5*q(f). What is a(p)?
-21
Let r(w) = w**2 + 606*w - 5534. Let j be r(9). Let b(g) be the first derivative of -2 - g - 3*g**3 + 1/2*g**2. Calculate b(j).
-9
Let u be (-14)/(154/(-165)) - 21. Let o(w) = w**2 - 27*w - 202. Determine o(u).
-4
Let m = 1622 + -1623. Let j(s) = -19*s. Determine j(m).
19
Let u = -1206 - -1223. Let t(z) = z**2 - 14*z + 18. Determine t(u).
69
Suppose 81*u - 86*u - 25 = 0. Let y(v) = -6*v**2 - 5*v + 8. Let r(m) = 7*m**2 + 5*m - 9. Let q(j) = u*r(j) - 6*y(j). Determine q(-5).
-3
Let f be (4 + -5 + 0)/(3/(-9)). Let m(s) be the second derivative of 4*s + 2*s**2 + 1/3*s**3 + 0. Give m(f).
10
Let a(v) = v**3 - 26*v**2 - 6. Suppose d - r - 30 = 0, 1135 - 1009 = 5*d + r. Determine a(d).
-6
Let q(i) = -i - 1. Suppose -3*a + 2 + 1 = 0. Let d be 13/39 - 1/((-6)/28). Suppose 4*p - a = d*p. Determine q(p).
0
Let i(r) = -17*r - 4. Let o(k) = -4*k - 1. Let g = -75 + 73. Let t(j) = g*i(j) + 9*o(j). Let y be (3 + -2)*(-7 - -6). Give t(y).
1
Let r = -21851 + 21849. Let c(j) = -j**3 - 12*j - 23. Calculate c(r).
9
Suppose -16*v + 21*v = 165. Suppose 4 = 4*t, -4*i + v = -i + 3*t. Let y(r) = -i - 8*r - r**2 + 20 - 13. Calculate y(-6).
9
Suppose 10*a - 14*a + 2*r = -2, 0 = 4*a + 6*r - 42. Let k(i) be the third derivative of 0*i - 5/2*i**a + 0 - i**2 + 1/24*i**4. Determine k(0).
-15
Let r = -179 - -180. Let x(c) = -c**3 - c. Let l(z) = -3*z**3 + 2*z**2 - 2*z + 2. Let g(f) = r*l(f) - 2*x(f). Suppose 0*s = -3*s + 6. Determine g(s).
2
Let f(s) = -59*s + 2. Let o(z) = -314*z + 10. Let a(v) = 16*f(v) - 3*o(v). Give a(3).
-4
Let l(z) = z**3 - 5*z**2 - 16*z + 9. Let j be -6 + 4 + 2 + -9 + 16. Determine l(j).
-5
Let g(a) = a**3 - a**2 - 2*a + 2. Let f(r) = r**3 + 23*r**2 + 22*r - 46. Let o be f(-22). Let z be (-11 - o/4)*(0 + 0). Calculate g(z).
2
Let f = -4053 - -4078. Let h(s) = -s**2 + 22*s + 74. What is h(f)?
-1
Let o(g) = g**2 - 16*g - 45. Let h(k) = -2*k**3 + 66*k**2 + 16. Let r be h(33). Give o(r).
-45
Let m(o) = o**3 - 40*o**2 + 40*o + 49. Let n be m(39). Let j(b) = -7*b - 18 - 28 - 31 - b**2 + n. What is j(-8)?
3
Let h(b) = b**3 + 5*b**2 + b + 4. Let t(w) = 2*w**3 + 23*w**2 - 16*w + 54. Let v(y) = 3*h(y) - t(y). Calculate v(6).
0
Let v(y) = 5*y - 4. Let x = 58 + -58. Suppose 2*t - 3*g - 161 = x, -3*g = -4*t - 0*g + 325. Let z = t - 78. Determine v(z).
16
Suppose 3*b + b = 20. Let y(j) = b - 4 + 4 - 1 + j. Let w = -2264 - -2259. Determine y(w).
-1
Let p(d) = -d**3 + 12*d**2 - 11*d + 14. Let n(b) be the first derivative of -4*b**2 + 75*b + 220. Let x be n(8). Give p(x).
14
Let v(d) = 9*d + 98. Let m(z) = -13*z - 139. Let n(x) = 5*m(x) + 7*v(x). Determine n(0).
-9
Let s(x) = -3*x**2 - 2*x - 5. Let c be s(-4). Let p = -44 - c. Let j(q) = -5*q + 3*q - 6*q - 4*q + 1. Determine j(p).
-11
Let s(m) = m**3 + m + 11. Let c be s(0). Let z(w) = 18 + w**2 + 11*w**2 - 16*w**2 - 5 - 13*w + 5*w**2. Determine z(c).
-9
Let k(t) = -2*t**2 - 15*t + 3. Let s = -816 - -808. Determine k(s).
-5
Let m(z) = -z**2 - z. Let v(r) = -r**2 - 18*r + 1. Let i be v(-18). Let x(d) = -d**2 - 2*d + 1. Let w(t) = i*x(t) - 2*m(t). Give w(0).
1
Let j(v) = 6*v - 1. Suppose 7 - 70 = -3*i. Let k = 3285 - 3299. Let t be k/4*(30/i - 2). Give j(t).
11
Let q(y) be the first derivative of y**4/4 - 5*y**3/3 - 7*y**2/2 - 8*y + 14. Suppose 0 = -0*m - 2*m + 2. Let v be (1/((-2)/(-12)))/m. Give q(v).
-14
Let o(v) = 